{"id":5116,"date":"2025-09-25T19:17:12","date_gmt":"2025-09-25T17:17:12","guid":{"rendered":"https:\/\/www.heilyoga-im-heilmannring.de\/yoga\/?post_type=class&#038;p=5116"},"modified":"2025-12-09T19:47:57","modified_gmt":"2025-12-09T18:47:57","slug":"ausbildung-weiterbildung","status":"publish","type":"class","link":"https:\/\/www.heilyoga-im-heilmannring.de\/yoga\/class\/ausbildung-weiterbildung\/","title":{"rendered":"Ausbildung \/ Weiterbildung"},"content":{"rendered":"\n<p style=\"font-size:15px\"><strong>Yoga f\u00fcr ALLE\u2026..<\/strong><\/p>\n\n\n\n<p><\/p>\n\n\n\n<p style=\"font-size:15px\">\u2026.denn ALLE , wirklich jeder Mensch atmet\ud83d\ude0a<br>Der Atem ist das Leben und die Grundlage des Yogaweges nach Swami Dr. Gitananda<\/p>\n\n\n\n<p style=\"font-size:15px\">&nbsp;<\/p>\n\n\n\n<p style=\"font-size:15px\">Was gibt uns Sicherheit und Stabilit\u00e4t in unsicheren Zeiten , in denen viel Gewohntes zerf\u00e4llt und nicht mehr funktioniert?&nbsp;<br>Was kann mir nichts und niemand nehmen?&nbsp;<br>Den tiefen Kontakt zu meiner Mitte , immer wieder ins Herz und die Liebe finden , sich selbst stabilisieren k\u00f6nnen durch die Grundlage des Lebens- den Atem , kraftvolle Erdung, das Wissen, wie man sich entspannt und vitalisiert, mit Prana\/ Lebensenergie versorgt und diese lenkt , die Nerven st\u00e4rkt, immer wieder neu die \u201egrundlose Freude\u201c aktivieren kann &nbsp;und die sch\u00f6pferischen Kr\u00e4fte des Geistes nutzt !&nbsp;<\/p>\n\n\n\n<p><\/p>\n\n\n\n<p style=\"font-size:15px\">Meine Ausbildung soll eine Grundausbildung im alten Yoga -Konzept nach dem geehrten Swami Dr. Gitananda sein , aufbereitet von mir in eine moderne und k\u00fcrzere Form und erg\u00e4nzt mit meinem \u00fcber 35 Jahre gesammelten Wissen und Erfahrungen .<\/p>\n\n\n\n<p><\/p>\n\n\n\n<p style=\"font-size:15px\">Dies vermittle ich an 7 Samstagen im Abstand von 14 Tagen, damit genug Zeit ist, alle 9 Lungenteile sorgf\u00e4ltig zu entfalten und am <\/p>\n\n\n\n<p style=\"font-size:15px\">eigenen K\u00f6rperhaus die notwendigen Erfahrungen zu machen &nbsp;und das Bewusstsein zu erweitern .<\/p>\n\n\n\n<p><\/p>\n\n\n\n<p style=\"font-size:15px\">Diese Kursreihe richtet sich an :<\/p>\n\n\n\n<p><\/p>\n\n\n\n<p style=\"font-size:15px\">Alle, die Interesse haben, tief ins Yoga -Konzept einzusteigen und eine gute Grundlage zu haben, jenseits von abgefahrenen Posen \u2026.<br>Um sich selbst stabilisieren und zur\u00fcck in die nat\u00fcrliche Balance zu kommen.&nbsp;<br>Um selbst zu unterrichten.<br>Um das eigene Wissen und Erfahrungen als Yogalehrer zu erweitern.<\/p>\n\n\n\n<p><\/p>\n\n\n\n<p>\u2026. Im Grunde an ALLE die sich gerufen f\u00fchlen \ud83d\udd49\ufe0f\ud83d\ude09<\/p>\n\n\n\n<p><\/p>\n\n\n\n<p><\/p>\n\n\n\n<p class=\"has-text-align-center\" style=\"font-size:15px\"><strong>Termin: 17.  Januar 2026<\/strong><\/p>\n\n\n\n<p class=\"has-text-align-center\" style=\"font-size:15px\"><strong>Termin: 31.  Januar 2026<\/strong><\/p>\n\n\n\n<p class=\"has-text-align-center\" style=\"font-size:15px\"><strong>Termin: 14.  Februar 2026<\/strong><\/p>\n\n\n\n<p class=\"has-text-align-center\" style=\"font-size:15px\"><strong>Termin: 28.  Februar 2026<\/strong><\/p>\n\n\n\n<p class=\"has-text-align-center\" style=\"font-size:15px\"><strong>Termin: 28.  M\u00e4rz 2026<\/strong><\/p>\n\n\n\n<p class=\"has-text-align-center\" style=\"font-size:15px\"><strong>Termin: 11.  April 2026 (Abschluss mit Zertifikat)<\/strong><\/p>\n\n\n\n<p class=\"has-text-align-center\" style=\"font-size:15px\"><strong>Jeweils von 11 Uhr &#8211; 17 Uhr mit einer Stunde Mittagspause<\/strong><\/p>\n\n\n\n<p><\/p>\n\n\n\n<p><\/p>\n\n\n\n<p class=\"has-text-align-center has-text-color has-link-color wp-elements-3c061175ce15002b939fb979b6d14f7b\" style=\"color:#fcf100;font-size:15px\"><strong>!! AUSGEBUCHT !!<\/strong><\/p>\n\n\n\n<p><\/p>\n\n\n\n<hr class=\"wp-block-separator has-alpha-channel-opacity is-style-wide\"\/>\n\n\n\n<p><\/p>\n","protected":false},"excerpt":{"rendered":"<p>Yoga f\u00fcr ALLE\u2026.. \u2026.denn ALLE , wirklich jeder Mensch atmet\ud83d\ude0aDer Atem ist das Leben und die Grundlage des Yogaweges nach Swami Dr. Gitananda &nbsp; Was gibt uns Sicherheit und Stabilit\u00e4t in unsicheren Zeiten , in denen viel Gewohntes zerf\u00e4llt und nicht mehr funktioniert?&nbsp;Was kann mir nichts und niemand nehmen?&nbsp;Den tiefen Kontakt zu meiner Mitte , [&hellip;]<\/p>\n","protected":false},"featured_media":5126,"template":"","class_list":["post-5116","class","type-class","status-publish","has-post-thumbnail","hentry"],"_links":{"self":[{"href":"https:\/\/www.heilyoga-im-heilmannring.de\/yoga\/wp-json\/wp\/v2\/class\/5116","targetHints":{"allow":["GET"]}}],"collection":[{"href":"https:\/\/www.heilyoga-im-heilmannring.de\/yoga\/wp-json\/wp\/v2\/class"}],"about":[{"href":"https:\/\/www.heilyoga-im-heilmannring.de\/yoga\/wp-json\/wp\/v2\/types\/class"}],"version-history":[{"count":13,"href":"https:\/\/www.heilyoga-im-heilmannring.de\/yoga\/wp-json\/wp\/v2\/class\/5116\/revisions"}],"predecessor-version":[{"id":5167,"href":"https:\/\/www.heilyoga-im-heilmannring.de\/yoga\/wp-json\/wp\/v2\/class\/5116\/revisions\/5167"}],"wp:featuredmedia":[{"embeddable":true,"href":"https:\/\/www.heilyoga-im-heilmannring.de\/yoga\/wp-json\/wp\/v2\/media\/5126"}],"wp:attachment":[{"href":"https:\/\/www.heilyoga-im-heilmannring.de\/yoga\/wp-json\/wp\/v2\/media?parent=5116"}],"curies":[{"name":"wp","href":"https:\/\/api.w.org\/{rel}","templated":true}]}}

<p style="font-size:15px"><strong>Yoga für ALLE…..</strong></p>



<p></p>



<p style="font-size:15px">….denn ALLE , wirklich jeder Mensch atmet😊<br>Der Atem ist das Leben und die Grundlage des Yogaweges nach Swami Dr. Gitananda</p>



<p style="font-size:15px">&nbsp;</p>



<p style="font-size:15px">Was gibt uns Sicherheit und Stabilität in unsicheren Zeiten , in denen viel Gewohntes zerfällt und nicht mehr funktioniert?&nbsp;<br>Was kann mir nichts und niemand nehmen?&nbsp;<br>Den tiefen Kontakt zu meiner Mitte , immer wieder ins Herz und die Liebe finden , sich selbst stabilisieren können durch die Grundlage des Lebens- den Atem , kraftvolle Erdung, das Wissen, wie man sich entspannt und vitalisiert, mit Prana/ Lebensenergie versorgt und diese lenkt , die Nerven stärkt, immer wieder neu die „grundlose Freude“ aktivieren kann &nbsp;und die schöpferischen Kräfte des Geistes nutzt !&nbsp;</p>



<p></p>



<p style="font-size:15px">Meine Ausbildung soll eine Grundausbildung im alten Yoga -Konzept nach dem geehrten Swami Dr. Gitananda sein , aufbereitet von mir in eine moderne und kürzere Form und ergänzt mit meinem über 35 Jahre gesammelten Wissen und Erfahrungen .</p>



<p></p>



<p style="font-size:15px">Dies vermittle ich an 7 Samstagen im Abstand von 14 Tagen, damit genug Zeit ist, alle 9 Lungenteile sorgfältig zu entfalten und am </p>



<p style="font-size:15px">eigenen Körperhaus die notwendigen Erfahrungen zu machen &nbsp;und das Bewusstsein zu erweitern .</p>



<p></p>



<p style="font-size:15px">Diese Kursreihe richtet sich an :</p>



<p></p>



<p style="font-size:15px">Alle, die Interesse haben, tief ins Yoga -Konzept einzusteigen und eine gute Grundlage zu haben, jenseits von abgefahrenen Posen ….<br>Um sich selbst stabilisieren und zurück in die natürliche Balance zu kommen.&nbsp;<br>Um selbst zu unterrichten.<br>Um das eigene Wissen und Erfahrungen als Yogalehrer zu erweitern.</p>



<p></p>



<p>…. Im Grunde an ALLE die sich gerufen fühlen 🕉️😉</p>



<p></p>



<p></p>



<p class="has-text-align-center" style="font-size:15px"><strong>Termin: 17.  Januar 2026</strong></p>



<p class="has-text-align-center" style="font-size:15px"><strong>Termin: 31.  Januar 2026</strong></p>



<p class="has-text-align-center" style="font-size:15px"><strong>Termin: 14.  Februar 2026</strong></p>



<p class="has-text-align-center" style="font-size:15px"><strong>Termin: 28.  Februar 2026</strong></p>



<p class="has-text-align-center" style="font-size:15px"><strong>Termin: 28.  März 2026</strong></p>



<p class="has-text-align-center" style="font-size:15px"><strong>Termin: 11.  April 2026 (Abschluss mit Zertifikat)</strong></p>



<p class="has-text-align-center" style="font-size:15px"><strong>Jeweils von 11 Uhr &#8211; 17 Uhr mit einer Stunde Mittagspause</strong></p>



<p></p>



<p></p>



<p class="has-text-align-center has-text-color has-link-color wp-elements-3c061175ce15002b939fb979b6d14f7b" style="color:#fcf100;font-size:15px"><strong>!! AUSGEBUCHT !!</strong></p>



<p></p>



<hr class="wp-block-separator has-alpha-channel-opacity is-style-wide"/>



<p></p>

<p>Yoga für ALLE….. ….denn ALLE , wirklich jeder Mensch atmet😊Der Atem ist das Leben und die Grundlage des Yogaweges nach Swami Dr. Gitananda &nbsp; Was gibt uns Sicherheit und Stabilität in unsicheren Zeiten , in denen viel Gewohntes zerfällt und nicht mehr funktioniert?&nbsp;Was kann mir nichts und niemand nehmen?&nbsp;Den tiefen Kontakt zu meiner Mitte , [&hellip;]</p>
